{"id":66,"date":"2024-10-30T17:53:44","date_gmt":"2024-10-30T17:53:44","guid":{"rendered":"https:\/\/kirchehrenbach.wib-physiotherapie.com\/index.php\/kontakt\/"},"modified":"2025-08-12T08:07:59","modified_gmt":"2025-08-12T08:07:59","slug":"kontakt","status":"publish","type":"page","link":"https:\/\/langensendelbach.wib-physiotherapie.com\/index.php\/kontakt\/","title":{"rendered":"Kontakt"},"content":{"rendered":"\n  \n    \n    <section class=\"skrollable u-clearfix u-image u-shading u-section-2\" id=\"sec-a213\" src=\"\" data-animation-name=\"\" data-animation-duration=\"0\" data-animation-delay=\"0\" data-animation-direction=\"\" data-image-width=\"800\" data-image-height=\"533\" style=\"background-image: linear-gradient(0deg, rgba(72, 73, 74, 0.75), rgba(72, 73, 74, 0.75)), url(&quot;https:\/\/langensendelbach.wib-physiotherapie.com\/wp-content\/uploads\/2024\/11\/IMG_0838.jpg&quot;);\">\n      <h1 class=\"u-align-left u-custom-font u-font-roboto u-text u-text-custom-color-2 u-text-default u-text-1\" data-animation-name=\"customAnimationIn\" data-animation-duration=\"3000\" data-animation-delay=\"0\">Kontakt<\/h1>\n    <\/section>\n    <section class=\"u-align-center u-clearfix u-container-align-center u-white u-section-3\" id=\"carousel_d044\">\n      <div class=\"u-clearfix u-sheet u-sheet-1\">\n        <div class=\"data-layout-selected u-clearfix u-expanded-width u-layout-wrap u-layout-wrap-1\">\n          <div class=\"u-layout\">\n            <div class=\"u-layout-row\">\n              <div class=\"u-container-style u-layout-cell u-shape-rectangle u-size-30-lg u-size-30-xl u-size-60-md u-size-60-sm u-size-60-xs u-layout-cell-1\" data-animation-name=\"customAnimationIn\" data-animation-duration=\"1500\">\n                <div class=\"u-container-layout u-container-layout-1\">\n                  <h3 class=\"u-align-left u-custom-font u-font-roboto u-text u-text-palette-4-base u-text-1\">Rufen Sie uns an!<\/h3>\n                  <p class=\"u-align-left u-custom-font u-font-roboto u-text u-text-default u-text-palette-4-base u-text-2\"> W\u00e4hlen Sie Ihre Praxis aus.<\/p>\n                  <div class=\"u-expanded-width u-list u-list-1\">\n                    <div class=\"u-repeater u-repeater-1\">\n                      <div class=\"u-container-style u-list-item u-repeater-item\">\n                        <div class=\"u-container-layout u-similar-container u-valign-top u-container-layout-2\">\n                          <h5 class=\"u-custom-font u-font-roboto u-text u-text-default u-text-palette-4-base u-text-3\">Kirchehrenbach <\/h5>\n                          <p class=\"u-custom-font u-font-roboto u-text u-text-palette-4-base u-text-4\">Pretzfelder Strasse 11<\/p>\n                          <a href=\"tel:+4991919795330\" class=\"u-active-none u-btn u-btn-rectangle u-button-style u-hover-none u-none u-text-palette-4-base u-btn-1\"><span class=\"u-icon u-text-palette-2-base u-icon-1\"><svg class=\"u-svg-content\" viewBox=\"0 0 405.333 405.333\" x=\"0px\" y=\"0px\" style=\"width: 1em; height: 1em;\"><path d=\"M373.333,266.88c-25.003,0-49.493-3.904-72.704-11.563c-11.328-3.904-24.192-0.896-31.637,6.699l-46.016,34.752    c-52.8-28.181-86.592-61.952-114.389-114.368l33.813-44.928c8.512-8.512,11.563-20.971,7.915-32.64    C142.592,81.472,138.667,56.96,138.667,32c0-17.643-14.357-32-32-32H32C14.357,0,0,14.357,0,32    c0,205.845,167.488,373.333,373.333,373.333c17.643,0,32-14.357,32-32V298.88C405.333,281.237,390.976,266.88,373.333,266.88z\"><\/path><\/svg><\/span>&nbsp;0 91 91 - 97 95 330 \n                          <\/a>\n                        <\/div>\n                      <\/div>\n                      <div class=\"u-container-style u-list-item u-repeater-item\">\n                        <div class=\"u-container-layout u-similar-container u-valign-top u-container-layout-3\">\n                          <h5 class=\"u-custom-font u-font-roboto u-text u-text-default u-text-palette-4-base u-text-5\">Langensendelbach<\/h5>\n                          <p class=\"u-custom-font u-font-roboto u-text u-text-palette-4-base u-text-6\">Zum Berg 42<\/p>\n                          <a href=\"tel:+499133767730\" class=\"u-active-none u-btn u-btn-rectangle u-button-style u-hover-none u-none u-text-palette-4-base u-btn-2\"><span class=\"u-icon u-text-palette-2-base u-icon-2\"><svg class=\"u-svg-content\" viewBox=\"0 0 405.333 405.333\" x=\"0px\" y=\"0px\" style=\"width: 1em; height: 1em;\"><path d=\"M373.333,266.88c-25.003,0-49.493-3.904-72.704-11.563c-11.328-3.904-24.192-0.896-31.637,6.699l-46.016,34.752    c-52.8-28.181-86.592-61.952-114.389-114.368l33.813-44.928c8.512-8.512,11.563-20.971,7.915-32.64    C142.592,81.472,138.667,56.96,138.667,32c0-17.643-14.357-32-32-32H32C14.357,0,0,14.357,0,32    c0,205.845,167.488,373.333,373.333,373.333c17.643,0,32-14.357,32-32V298.88C405.333,281.237,390.976,266.88,373.333,266.88z\"><\/path><\/svg><\/span>&nbsp;0 91 33 - 76 77 30 \n                          <\/a>\n                        <\/div>\n                      <\/div>\n                    <\/div>\n                  <\/div>\n                  <img decoding=\"async\" class=\"u-image u-image-contain u-image-default u-image-1\" src=\"https:\/\/langensendelbach.wib-physiotherapie.com\/wp-content\/uploads\/2024\/10\/Logofreigestellt2-1.png\" alt=\"\" data-image-width=\"610\" data-image-height=\"258\">\n                <\/div>\n              <\/div>\n              <div class=\"u-container-align-center-lg u-container-align-center-xl u-container-align-left-md u-container-style u-layout-cell u-size-30-lg u-size-30-xl u-size-60-md u-size-60-sm u-size-60-xs u-layout-cell-2\" data-animation-name=\"customAnimationIn\" data-animation-duration=\"1500\" data-animation-delay=\"500\">\n                <div class=\"u-container-layout u-valign-top u-container-layout-4\">\n                  <div class=\"u-form u-form-1\">\n                    <form action=\"https:\/\/forms.nicepagesrv.com\/v2\/form\/process\" class=\"u-clearfix u-form-spacing-28 u-form-vertical u-inner-form\" source=\"email\" name=\"form\" style=\"padding: 0px;\">\n                      <div class=\"u-form-group u-form-name u-label-none u-form-group-1\">\n                        <label for=\"name-8e54\" class=\"u-label\">Name<\/label>\n                        <input type=\"text\" placeholder=\"Name\" id=\"name-8e54\" name=\"name-1\" class=\"u-border-2 u-border-no-left u-border-no-right u-border-no-top u-border-palette-1-base u-custom-font u-font-roboto u-input u-input-rectangle u-none\" required=\"\">\n                      <\/div>\n                      <div class=\"u-form-email u-form-group u-label-none\">\n                        <label for=\"email-c6a3\" class=\"u-label\">Email<\/label>\n                        <input type=\"email\" placeholder=\"Email\" id=\"email-c6a3\" name=\"email\" class=\"u-border-2 u-border-no-left u-border-no-right u-border-no-top u-border-palette-1-base u-custom-font u-font-roboto u-input u-input-rectangle u-none\" required=\"\" wfd-id=\"id114\">\n                      <\/div>\n                      <div class=\"u-form-group u-form-phone u-label-none u-form-group-3\">\n                        <label for=\"phone-84d9\" class=\"u-label\">Phone<\/label>\n                        <input type=\"tel\" pattern=\"+?d{0,3}[s(-]?([0-9]{2,3})[s)-]?([s-]?)([0-9]{3})[s-]?([0-9]{2})[s-]?([0-9]{2})\" placeholder=\"Telefonnummer\" id=\"phone-84d9\" name=\"phone\" class=\"u-border-2 u-border-no-left u-border-no-right u-border-no-top u-border-palette-1-base u-custom-font u-font-roboto u-input u-input-rectangle u-none\" required=\"\" wfd-id=\"id116\">\n                      <\/div>\n                      <div class=\"u-form-group u-form-message u-label-none\">\n                        <label for=\"message-c6a3\" class=\"u-label\">Message<\/label>\n                        <textarea placeholder=\"Ihre Nachricht\" rows=\"4\" cols=\"50\" id=\"message-c6a3\" name=\"message\" class=\"u-border-2 u-border-no-left u-border-no-right u-border-no-top u-border-palette-1-base u-custom-font u-font-roboto u-input u-input-rectangle u-none\" required=\"\"><\/textarea>\n                      <\/div>\n                      <div class=\"u-form-agree u-form-group u-label-none u-form-group-5\">\n                        <label class=\"u-block-23fb-60 u-field-label u-text-palette-4-base\" style=\"\"><\/label>\n                        <input type=\"checkbox\" id=\"agree-4b25\" name=\"agree\" class=\"u-agree-checkbox u-field-input\" required=\"\">\n                        <label for=\"agree-4b25\" class=\"u-agree-label u-field-label u-text-palette-4-base\"> Ich stimme zu, dass meine Angaben aus dem Kontaktformular zur Beantwortung meiner Anfrage erhoben und verarbeitet werden. Die Daten werden nach abgeschlossener Bearbeitung Ihrer Anfrage gel\u00f6scht. Hinweis: Sie k\u00f6nnen Ihre Einwilligung jederzeit f\u00fcr die Zukunft per E-Mail an <a href=\"mailto:info@wib-physiotherapie.com?subject=Widerruf zur Datenschutzerkl\u00e4rung\" class=\"u-active-none u-border-none u-btn u-button-link u-button-style u-hover-none u-none u-text-palette-1-base u-btn-3\">info@wib-physiotherapie.com<\/a> widerrufen. Detaillierte Informationen zum Umgang mit Nutzerdaten finden Sie in unserer&nbsp;<a class=\"u-active-none u-border-none u-btn u-button-link u-button-style u-hover-none u-none u-text-palette-1-base u-btn-4\" href=\"https:\/\/langensendelbach.wib-physiotherapie.com\/index.php\/impressum\/\">Datenschutzerkl\u00e4rung<\/a>. \n                        <\/label>\n                      <\/div>\n                      <div class=\"u-align-center u-form-group u-form-submit u-label-none\">\n                        <a href=\"#\" class=\"u-active-palette-2-base u-border-none u-btn u-btn-submit u-button-style u-custom-color-1 u-custom-font u-font-roboto u-hover-palette-2-base u-btn-5\">Absenden<\/a>\n                        <input type=\"submit\" value=\"submit\" class=\"u-form-control-hidden\" wfd-id=\"id118\">\n                      <\/div>\n                      <div class=\"u-form-send-message u-form-send-success\">Vielen Dank! Ihre Nachricht wurde erfolgreich versendet.<\/div>\n                      <div class=\"u-form-send-error u-form-send-message\">Unable to send your message. Please fix errors then try again.<\/div>\n                      <input type=\"hidden\" value=\"\" name=\"recaptchaResponse\" wfd-id=\"id119\">\n                      <input type=\"hidden\" name=\"formServices\" value=\"42a3078d-de79-0b9c-0d96-5c82fa90bbb3\">\n                    <\/form>\n                  <\/div>\n                <\/div>\n              <\/div>\n            <\/div>\n          <\/div>\n        <\/div>\n      <\/div>\n    <\/section>\n    \n    \n    \n  \n","protected":false},"excerpt":{"rendered":"<p>Kontakt Rufen Sie uns an! W\u00e4hlen Sie Ihre Praxis aus. Kirchehrenbach Pretzfelder Strasse 11 &nbsp;0 91 91 &#8211; 97 95 330 Langensendelbach Zum Berg 42 &nbsp;0 91 33 &#8211; 76 77 30 Name Email Phone Message Ich stimme zu, dass meine Angaben aus dem Kontaktformular zur Beantwortung meiner Anfrage erhoben und verarbeitet werden. Die Daten &hellip; <a href=\"https:\/\/langensendelbach.wib-physiotherapie.com\/index.php\/kontakt\/\" class=\"more-link\">Continue reading<span class=\"screen-reader-text\"> &#8222;Kontakt&#8220;<\/span><\/a><\/p>\n","protected":false},"author":1,"featured_media":0,"parent":0,"menu_order":7,"comment_status":"closed","ping_status":"closed","template":"","meta":{"footnotes":""},"class_list":["post-66","page","type-page","status-publish","hentry"],"_links":{"self":[{"href":"https:\/\/langensendelbach.wib-physiotherapie.com\/index.php\/wp-json\/wp\/v2\/pages\/66","targetHints":{"allow":["GET"]}}],"collection":[{"href":"https:\/\/langensendelbach.wib-physiotherapie.com\/index.php\/wp-json\/wp\/v2\/pages"}],"about":[{"href":"https:\/\/langensendelbach.wib-physiotherapie.com\/index.php\/wp-json\/wp\/v2\/types\/page"}],"author":[{"embeddable":true,"href":"https:\/\/langensendelbach.wib-physiotherapie.com\/index.php\/wp-json\/wp\/v2\/users\/1"}],"replies":[{"embeddable":true,"href":"https:\/\/langensendelbach.wib-physiotherapie.com\/index.php\/wp-json\/wp\/v2\/comments?post=66"}],"version-history":[{"count":3,"href":"https:\/\/langensendelbach.wib-physiotherapie.com\/index.php\/wp-json\/wp\/v2\/pages\/66\/revisions"}],"predecessor-version":[{"id":139,"href":"https:\/\/langensendelbach.wib-physiotherapie.com\/index.php\/wp-json\/wp\/v2\/pages\/66\/revisions\/139"}],"wp:attachment":[{"href":"https:\/\/langensendelbach.wib-physiotherapie.com\/index.php\/wp-json\/wp\/v2\/media?parent=66"}],"curies":[{"name":"wp","href":"https:\/\/api.w.org\/{rel}","templated":true}]}}