{"id":60,"date":"2024-10-30T17:53:38","date_gmt":"2024-10-30T17:53:38","guid":{"rendered":"https:\/\/kirchehrenbach.wib-physiotherapie.com\/index.php\/ueber-uns\/"},"modified":"2025-08-12T07:09:20","modified_gmt":"2025-08-12T07:09:20","slug":"ueber-uns","status":"publish","type":"page","link":"https:\/\/langensendelbach.wib-physiotherapie.com\/index.php\/ueber-uns\/","title":{"rendered":"\u00dcber uns"},"content":{"rendered":"\n  \n    \n    <section class=\"skrollable u-clearfix u-image u-parallax u-shading u-section-2\" id=\"sec-e15f\" src=\"\" data-image-width=\"4587\" data-image-height=\"3000\" data-animation-name=\"\" data-animation-duration=\"0\" data-animation-delay=\"0\" data-animation-direction=\"\" style=\"background-image: linear-gradient(0deg, rgba(72, 73, 74, 0.75), rgba(72, 73, 74, 0.75)), url(&quot;https:\/\/langensendelbach.wib-physiotherapie.com\/wp-content\/uploads\/2025\/08\/KDziYDdpSYM7odZEvRqsu4hLSlWcq3nSwMZiI0iBD2Db3cjqNjfp1VYlC17ffbrowj1ogdsbPU9ODo.jpeg&quot;);\">\n      <div class=\"u-clearfix u-sheet u-valign-middle-md u-valign-middle-sm u-sheet-1\">\n        <h1 class=\"u-align-left u-custom-font u-font-roboto u-text u-text-custom-color-2 u-text-default u-text-1\" data-animation-name=\"customAnimationIn\" data-animation-duration=\"3000\" data-animation-delay=\"0\">Unser Team<\/h1>\n      <\/div>\n    <\/section>\n    <section class=\"u-clearfix u-valign-middle-xs u-section-3\" id=\"sec-fb17\">\n      <div class=\"u-clearfix u-sheet u-sheet-1\">\n        <div class=\"data-layout-selected u-align-left u-clearfix u-expanded-width-md u-expanded-width-sm u-expanded-width-xs u-layout-wrap u-layout-wrap-1\">\n          <div class=\"u-layout\">\n            <div class=\"u-layout-row\">\n              <div class=\"u-align-left u-container-align-left u-container-align-left-lg u-container-align-left-xl u-container-style u-layout-cell u-left-cell u-size-25-lg u-size-25-xl u-size-29-md u-size-29-sm u-size-29-xs u-layout-cell-1\" data-animation-name=\"customAnimationIn\" data-animation-duration=\"3000\" data-animation-delay=\"0\">\n                <div class=\"u-container-layout u-container-layout-1\">\n                  <h1 class=\"u-align-left u-custom-font u-font-roboto u-text u-text-palette-2-base u-text-1\">Saskia Wibiral<\/h1>\n                  <p class=\"u-align-left u-custom-font u-font-roboto u-text u-text-2\">GR\u00dcNDERIN &amp; INHABERIN <\/p>\n                  <div class=\"u-border-3 u-border-palette-1-base u-line u-line-horizontal u-line-1\"><\/div>\n                  <div class=\"custom-expanded u-align-left u-list u-list-1\">\n                    <div class=\"u-align-left u-repeater u-repeater-1\">\n                      <div class=\"u-container-style u-grey-5 u-list-item u-repeater-item\">\n                        <div class=\"u-container-layout u-similar-container u-valign-top u-container-layout-2\">\n                          <h5 class=\"u-custom-font u-font-roboto u-text u-text-palette-4-base u-text-3\">Wissenschaftliche Arbeiten<\/h5>\n                          <p class=\"u-custom-font u-font-roboto u-text u-text-4\"> Mitautorenschaft<br>Physiolehrbuch Basis \"Pr\u00e4vention\" <br>Hrsg.: Antje H\u00fcter-Becker, Mechtild D\u00f6lken, u.a. <br>2007 - 230 S.-200 Abb. - kartoniert - ISBN: 9783131368812 \n                          <\/p>\n                        <\/div>\n                      <\/div>\n                    <\/div>\n                  <\/div>\n                <\/div>\n              <\/div>\n              <div class=\"u-container-style u-layout-cell u-right-cell u-size-31-md u-size-31-sm u-size-31-xs u-size-35-lg u-size-35-xl u-layout-cell-2\" data-animation-name=\"customAnimationIn\" data-animation-duration=\"3000\" data-animation-delay=\"0\">\n                <div class=\"u-container-layout u-container-layout-3\">\n                  <div class=\"u-palette-1-base u-shape u-shape-rectangle u-shape-1\"><\/div>\n                  <img decoding=\"async\" src=\"https:\/\/langensendelbach.wib-physiotherapie.com\/wp-content\/uploads\/2025\/08\/Saskia-1.jpg\" alt=\"\" class=\"u-align-right-md u-align-right-sm u-align-right-xs u-image u-image-default u-image-1\" data-image-width=\"600\" data-image-height=\"600\">\n                  <img decoding=\"async\" class=\"u-align-center u-image u-image-contain u-image-default u-image-2\" src=\"https:\/\/langensendelbach.wib-physiotherapie.com\/wp-content\/uploads\/2025\/08\/Unbenannt-1-1-1-1.png\" alt=\"\" data-image-width=\"1126\" data-image-height=\"416\">\n                  <p class=\"u-align-center u-custom-font u-font-roboto u-text u-text-default u-text-palette-4-base u-text-5\">Saskia Wibiral<\/p>\n                <\/div>\n              <\/div>\n            <\/div>\n          <\/div>\n        <\/div>\n      <\/div>\n    <\/section>\n    <section class=\"u-clearfix u-container-align-center-lg u-container-align-center-md u-container-align-center-sm u-container-align-center-xl u-grey-5 u-section-4\" id=\"sec-c76c\">\n      <div class=\"u-clearfix u-sheet u-sheet-1\">\n        <h2 class=\"u-align-center u-text u-text-default u-text-palette-2-base u-text-1\">Unser Team<\/h2>\n        <div class=\"u-align-center-xs u-border-3 u-border-palette-1-base u-line u-line-horizontal u-line-1\"><\/div>\n        <p class=\"u-align-center u-custom-font u-font-roboto u-text u-text-palette-4-base u-text-2\">Wir sind in der Praxis&nbsp;<br>in Langensendelbach f\u00fcr Sie\u200b da \n        <\/p>\n        <div class=\"u-expanded-width u-list u-list-1\">\n          <div class=\"u-repeater u-repeater-1\">\n            <div class=\"u-align-center u-container-align-center u-list-item u-repeater-item u-white u-list-item-1\" data-animation-name=\"customAnimationIn\" data-animation-duration=\"3000\" data-animation-delay=\"0\">\n              <div class=\"u-container-layout u-similar-container u-valign-top u-container-layout-1\">\n                <img decoding=\"async\" alt=\"\" class=\"u-expanded-width u-image u-image-default u-image-1\" src=\"https:\/\/langensendelbach.wib-physiotherapie.com\/wp-content\/uploads\/2024\/11\/SusanneRinger.jpg\" data-image-width=\"800\" data-image-height=\"783\">\n                <h5 class=\"u-align-center u-custom-font u-font-roboto u-text u-text-palette-2-base u-text-3\">Sabine Ringer<\/h5>\n                <p class=\"u-align-center u-custom-font u-font-roboto u-text u-text-4\"> Angestellt als Teamassistentin<\/p>\n              <\/div>\n            <\/div>\n            <div class=\"u-align-center u-container-align-center u-list-item u-repeater-item u-white u-list-item-2\" data-animation-name=\"customAnimationIn\" data-animation-duration=\"3000\" data-animation-delay=\"0\">\n              <div class=\"u-container-layout u-similar-container u-valign-top u-container-layout-2\">\n                <img decoding=\"async\" alt=\"\" class=\"u-expanded-width u-image u-image-default u-image-2\" src=\"https:\/\/langensendelbach.wib-physiotherapie.com\/wp-content\/uploads\/2024\/11\/AstridNiehoff.jpg\" data-image-width=\"800\" data-image-height=\"712\">\n                <h5 class=\"u-align-center u-custom-font u-font-roboto u-text u-text-palette-2-base u-text-5\">Astrid Niehoff<\/h5>\n                <p class=\"u-align-center u-text u-text-6\"> Angestellt als staatlich gepr\u00fcfte Physiotherapeutin und Masseurin<\/p>\n              <\/div>\n            <\/div>\n            <div class=\"u-align-center u-container-align-center u-list-item u-repeater-item u-white u-list-item-3\" data-animation-name=\"customAnimationIn\" data-animation-duration=\"3000\" data-animation-delay=\"0\">\n              <div class=\"u-container-layout u-similar-container u-valign-top u-container-layout-3\">\n                <img decoding=\"async\" alt=\"\" class=\"u-expanded-width u-image u-image-default u-image-3\" src=\"https:\/\/langensendelbach.wib-physiotherapie.com\/wp-content\/uploads\/2024\/11\/SusanneHorme.jpg\" data-image-width=\"800\" data-image-height=\"783\">\n                <h5 class=\"u-align-center u-custom-font u-font-roboto u-text u-text-palette-2-base u-text-7\">Susanne Horme\u00df<\/h5>\n                <p class=\"u-align-center u-text u-text-8\"> Angestellt als staatlich gepr\u00fcfte Physiotherapeutin<\/p>\n              <\/div>\n            <\/div>\n            <div class=\"u-align-center u-container-align-center u-list-item u-repeater-item u-white u-list-item-4\" data-animation-name=\"customAnimationIn\" data-animation-duration=\"3000\" data-animation-delay=\"0\">\n              <div class=\"u-container-layout u-similar-container u-valign-top u-container-layout-4\">\n                <img decoding=\"async\" alt=\"\" class=\"u-expanded-width u-image u-image-default u-image-4\" src=\"https:\/\/langensendelbach.wib-physiotherapie.com\/wp-content\/uploads\/2024\/10\/sk.jpeg\" data-image-width=\"1200\" data-image-height=\"1200\">\n                <h5 class=\"u-align-center u-custom-font u-font-roboto u-text u-text-palette-2-base u-text-9\">Dorothea Wier<\/h5>\n                <p class=\"u-align-center u-custom-font u-font-roboto u-text u-text-10\"> Angestellt als staatlich gepr\u00fcfte Physiotherapeutin<\/p>\n              <\/div>\n            <\/div>\n          <\/div>\n        <\/div>\n      <\/div>\n    <\/section>\n    <section class=\"u-clearfix u-container-align-center u-palette-4-base u-valign-bottom-sm u-valign-bottom-xs u-section-5\" id=\"carousel_1575\">\n      <div class=\"u-clearfix u-sheet u-sheet-1\">\n        <div class=\"data-layout-selected u-clearfix u-expanded-width u-layout-wrap u-layout-wrap-1\">\n          <div class=\"u-layout\">\n            <div class=\"u-layout-row\">\n              <div class=\"u-container-style u-layout-cell u-size-60 u-layout-cell-1\">\n                <div class=\"u-container-layout u-container-layout-1\">\n                  <a href=\"#\" class=\"u-active-palette-1-base u-align-center-xs u-border-none u-btn u-button-style u-hover-palette-1-dark-1 u-palette-1-base u-text-active-white u-text-body-alt-color u-text-hover-white u-btn-1\">Jobs bei Uns <\/a>\n                  <h2 class=\"u-align-center-xs u-custom-font u-font-roboto u-text u-text-default u-text-white u-text-1\">Werden Sie Teil unseres Teams<\/h2>\n                <\/div>\n              <\/div>\n            <\/div>\n          <\/div>\n        <\/div>\n        <div class=\"u-expanded-width u-form u-grey-5 u-form-1\">\n          <form action=\"https:\/\/forms.nicepagesrv.com\/v2\/form\/process\" class=\"u-clearfix u-form-spacing-30 u-form-vertical u-inner-form\" source=\"email\" name=\"form\" style=\"padding: 50px;\">\n            <div class=\"u-form-group u-form-name u-form-partition-factor-2 u-label-top u-form-group-1\">\n              <label for=\"name-ebb6\" class=\"u-custom-font u-font-roboto u-label\">Name*<\/label>\n              <input type=\"text\" placeholder=\"Name\" id=\"name-ebb6\" name=\"name-1\" class=\"u-border-none u-custom-font u-font-roboto u-input u-input-rectangle u-radius u-text-palette-4-base u-input-1\" required=\"\">\n            <\/div>\n            <div class=\"u-form-email u-form-group u-form-partition-factor-2 u-label-top u-form-group-2\">\n              <label for=\"name-ebb6\" class=\"u-custom-font u-font-roboto u-label\">Email*<\/label>\n              <input type=\"email\" placeholder=\"Email\" id=\"name-ebb6\" name=\"name-2\" class=\"u-border-none u-custom-font u-font-roboto u-input u-input-rectangle u-radius u-text-palette-4-base u-input-2\" required=\"required\">\n            <\/div>\n            <div class=\"u-form-group u-form-partition-factor-2 u-form-select u-label-top u-form-group-3\">\n              <label for=\"select-ce7f\" class=\"u-custom-font u-font-roboto u-label\">Position*<\/label>\n              <div class=\"u-form-select-wrapper\">\n                <select id=\"select-ce7f\" name=\"select\" class=\"u-border-none u-custom-font u-font-roboto u-input u-input-rectangle u-radius u-text-palette-4-base u-input-3\" required=\"required\">\n                  <option value=\"Physiotherapeuth (m\/w\/d)\" data-calc=\"\">Physiotherapeuth (m\/w\/d)<\/option>\n                  <option value=\"Masseur (m\/w\/d)\" data-calc=\"\">Masseur (m\/w\/d)<\/option>\n                  <option value=\"Teamassistenz\" data-calc=\"\">Teamassistenz<\/option>\n                  <option value=\"Sonstiges\" data-calc=\"\">Sonstiges<\/option>\n                <\/select>\n                <svg class=\"u-caret u-caret-svg u-text-palette-4-base\" version=\"1.1\" id=\"Layer_1\" xmlns=\"http:\/\/www.w3.org\/2000\/svg\" xmlns:xlink=\"http:\/\/www.w3.org\/1999\/xlink\" x=\"0px\" y=\"0px\" width=\"16px\" height=\"16px\" viewBox=\"0 0 16 16\" style=\"fill:currentColor;\" xml:space=\"preserve\"><polygon class=\"st0\" points=\"8,12 2,4 14,4 \"><\/polygon><\/svg>\n              <\/div>\n            <\/div>\n            <div class=\"u-form-group u-form-partition-factor-2 u-label-top u-form-group-4\">\n              <label for=\"email-9807\" class=\"u-custom-font u-font-roboto u-label\">Wann k\u00f6nnen Sie starten?*<\/label>\n              <input type=\"text\" id=\"email-9807\" name=\"email\" class=\"u-border-none u-custom-font u-font-roboto u-input u-input-rectangle u-radius u-text-palette-4-base u-input-4\" required=\"required\">\n            <\/div>\n            <div class=\"u-form-group u-form-message u-label-top u-form-group-5\">\n              <label for=\"message-9807\" class=\"u-custom-font u-font-roboto u-label\">Ihre Nachricht<\/label>\n              <textarea placeholder=\"Geben Sie Ihre Nachricht hier ein\" rows=\"4\" cols=\"50\" id=\"message-9807\" name=\"message\" class=\"u-border-none u-custom-font u-font-roboto u-input u-input-rectangle u-radius u-text-palette-4-base u-input-5\" required=\"\"><\/textarea>\n            <\/div>\n            <div class=\"u-form-agree u-form-group u-label-top u-form-group-6\">\n              <label class=\"u-block-5b08-35 u-custom-font u-field-label u-font-roboto\" style=\"\"><\/label>\n              <input type=\"checkbox\" id=\"agree-7d0e\" name=\"agree\" class=\"u-agree-checkbox u-field-input\" required=\"\">\n              <label for=\"agree-7d0e\" class=\"u-agree-label u-field-label\"> Hiermit willige ich ein, dass meine Daten vom Empf\u00e4nger f\u00fcr den Zweck der Bearbeitung meiner Anfrage und einem eventuell folgenden Vertragsschluss verarbeitet werden. Mir ist bewusst, dass ich diese Einwilligung jederzeit mit Wirkung f\u00fcr die Zukunft per E-Mail an <a href=\"mailto:info@wib-physiotherapie.com?subject=Widerruf zur Datenschutzerkl\u00e4rung\" class=\"u-active-none u-border-none u-btn u-button-link u-button-style u-hover-none u-none u-text-palette-1-base u-btn-2\">info@wib-physiotherapie.com<\/a> widerrufen kann. Wir setzen Sie davon in Kenntnis, dass durch den Widerruf der Einwilligung die Rechtm\u00e4\u00dfigkeit der aufgrund der Einwilligung bis zum Widerruf erfolgten Verarbeitung nicht ber\u00fchrt wird. Weitere Informationen finden Sie in unserer&nbsp;<a class=\"u-active-none u-border-none u-btn u-button-link u-button-style u-hover-none u-none u-text-palette-1-base u-btn-3\" href=\"https:\/\/langensendelbach.wib-physiotherapie.com\/index.php\/impressum\/\">Datenschutzerkl\u00e4rung<\/a>. \n              <\/label>\n            <\/div>\n            <div class=\"u-form-group u-form-submit u-label-top u-form-group-7\">\n              <a href=\"#\" class=\"u-btn u-btn-submit u-button-style u-custom-font u-font-roboto\">Senden<\/a>\n              <input type=\"submit\" value=\"submit\" class=\"u-form-control-hidden\">\n            <\/div>\n            <div class=\"u-form-send-message u-form-send-success\"> Thank you! Your message has been sent. <\/div>\n            <div class=\"u-form-send-error u-form-send-message\"> Unable to send your message. Please fix errors then try again. <\/div>\n            <input type=\"hidden\" value=\"\" name=\"recaptchaResponse\">\n            <input type=\"hidden\" name=\"formServices\" value=\"42a3078d-de79-0b9c-0d96-5c82fa90bbb3\">\n          <\/form>\n        <\/div>\n      <\/div>\n    <\/section>\n    \n    \n    \n  \n","protected":false},"excerpt":{"rendered":"<p>Unser Team Saskia Wibiral GR\u00dcNDERIN &amp; INHABERIN Wissenschaftliche Arbeiten MitautorenschaftPhysiolehrbuch Basis &#8222;Pr\u00e4vention&#8220; Hrsg.: Antje H\u00fcter-Becker, Mechtild D\u00f6lken, u.a. 2007 &#8211; 230 S.-200 Abb. &#8211; kartoniert &#8211; ISBN: 9783131368812 Saskia Wibiral Unser Team Wir sind in der Praxis&nbsp;in Langensendelbach f\u00fcr Sie\u200b da Sabine Ringer Angestellt als Teamassistentin Astrid Niehoff Angestellt als staatlich gepr\u00fcfte Physiotherapeutin und Masseurin &hellip; <a href=\"https:\/\/langensendelbach.wib-physiotherapie.com\/index.php\/ueber-uns\/\" class=\"more-link\">Continue reading<span class=\"screen-reader-text\"> &#8222;\u00dcber uns&#8220;<\/span><\/a><\/p>\n","protected":false},"author":1,"featured_media":0,"parent":0,"menu_order":1,"comment_status":"closed","ping_status":"closed","template":"","meta":{"footnotes":""},"class_list":["post-60","page","type-page","status-publish","hentry"],"_links":{"self":[{"href":"https:\/\/langensendelbach.wib-physiotherapie.com\/index.php\/wp-json\/wp\/v2\/pages\/60","targetHints":{"allow":["GET"]}}],"collection":[{"href":"https:\/\/langensendelbach.wib-physiotherapie.com\/index.php\/wp-json\/wp\/v2\/pages"}],"about":[{"href":"https:\/\/langensendelbach.wib-physiotherapie.com\/index.php\/wp-json\/wp\/v2\/types\/page"}],"author":[{"embeddable":true,"href":"https:\/\/langensendelbach.wib-physiotherapie.com\/index.php\/wp-json\/wp\/v2\/users\/1"}],"replies":[{"embeddable":true,"href":"https:\/\/langensendelbach.wib-physiotherapie.com\/index.php\/wp-json\/wp\/v2\/comments?post=60"}],"version-history":[{"count":10,"href":"https:\/\/langensendelbach.wib-physiotherapie.com\/index.php\/wp-json\/wp\/v2\/pages\/60\/revisions"}],"predecessor-version":[{"id":169,"href":"https:\/\/langensendelbach.wib-physiotherapie.com\/index.php\/wp-json\/wp\/v2\/pages\/60\/revisions\/169"}],"wp:attachment":[{"href":"https:\/\/langensendelbach.wib-physiotherapie.com\/index.php\/wp-json\/wp\/v2\/media?parent=60"}],"curies":[{"name":"wp","href":"https:\/\/api.w.org\/{rel}","templated":true}]}}